8957. Calculate r(-10).
-17
Let x(u) = -2*u**3 - 53*u**2 + 15594*u - 1078. Determine x(76).
-14
Let a(t) = -t**3 + 158*t**2 + 653*t - 27359. Give a(161).
11
Let f(x) = -x**2 + 332*x + 3956. Give f(-11).
183
Let k(j) = -2*j**3 - 24*j**2 + 169*j + 2200. Calculate k(-12).
172
Let d(c) = 4*c**2 + 171*c + 2761. Calculate d(-19).
956
Let f(r) = r**3 - 305*r**2 + 211*r + 28273. What is f(304)?
1
Let q(a) = -5*a**3 + 53*a**2 + 178*a - 1971. Give q(10).
109
Let z(r) = 7*r**3 + 1889*r**2 - 275*r - 1398. What is z(-270)?
-48
Let u(d) = 23*d + 1755. Give u(-95).
-430
Let r(g) = 49*g**2 - 80*g + 131. What is r(2)?
167
Let j(g) = -4*g**2 - 168*g - 466. Calculate j(-3).
2
Let k(f) = 279*f - 8962. What is k(32)?
-34
Let o(y) = 12*y**2 + 865*y + 954. Calculate o(-71).
31
Let y(t) = -25*t**2 + 5440*t + 5447. What is y(-1)?
-18
Let n(j) = 106109*j - 1061090. What is n(10)?
0
Let l(p) = 54*p**3 - 6*p**2 + 22*p + 27. Determine l(-1).
-55
Let w(d) = d**3 + 65*d**2 - 4639*d + 212. What is w(-108)?
-328
Let j(q) = 4*q**3 + 80*q**2 + 11*q + 25. What is j(-20)?
-195
Let f(q) = -q**2 + 42*q + 4173. Determine f(94).
-715
Let n(x) = 11258*x - 776979. Calculate n(69).
-177
Let z(q) = q**2 + 1118*q - 78144. Give z(66).
0
Let m(u) = -u**3 - 32*u**2 - 525*u - 3428. Determine m(-12).
-8
Let v(x) = -x**2 - 242*x - 5987. What is v(-28)?
5
Let j(x) = 907*x + 43238. What is j(-48)?
-298
Let c(m) = -29872*m - 627241. Determine c(-21).
71
Let a(k) = 239*k + 9384. Give a(-36).
780
Let k(u) = -39*u**2 + 4756*u - 114472. What is k(33)?
5
Let b(a) = 94*a**3 + 3*a**2 - 221*a - 440. What is b(-2)?
-738
Let n(r) = -13227*r + 52913. What is n(4)?
5
Let c(y) = 315*y + 30015. What is c(-97)?
-540
Let j(k) = 2*k**3 + 27*k**2 - 80*k + 30. What is j(-16)?
30
Let y(z) = 11*z**2 + 50*z - 525. What is y(5)?
0
Let h(w) = -w**2 + 357*w - 31478. Give h(159).
4
Let z(v) = 2*v**3 - 39*v**2 - 392*v + 6918. What is z(21)?
9
Let v(w) = 139*w - 91453. Calculate v(658).
9
Let c(u) = -u**2 - 40*u + 1165. Give c(23).
-284
Let p(q) = -4670*q + 18573. What is p(4)?
-107
Let z(c) = -494*c - 9408. Calculate z(-19).
-22
Let m(z) = 5153*z + 19822. Give m(-4).
-790
Let w(y) = 2*y**3 + 58*y**2 - 67*y - 195. Calculate w(-30).
15
Let m(d) = -10908*d + 294713. Calculate m(27).
197
Let j(o) = -o**2 + 130*o - 4373. Give j(71).
-184
Let m(f) = -5*f**3 - 188*f**2 - 355*f + 27. What is m(-35)?
-3473
Let j(k) = -53388*k + 24451710. Determine j(458).
6
Let r(a) = 4*a**2 + 7836*a - 15689. What is r(2)?
-1
Let h(r) = 33*r**2 + 218*r + 392. Calculate h(-4).
48
Let d(z) = 12*z**2 - 260*z + 118. Calculate d(19).
-490
Let m(v) = -1064*v + 10029. Determine m(10).
-611
Let h(o) = 101882*o - 611374. Give h(6).
-82
Let b(v) = 4*v**2 + 16920*v + 84502. What is b(-5)?
2
Let d(l) = -9*l**2 + 35*l + 237. Determine d(12).
-639
Let c(z) = -z**3 - 34*z**2 - 249*z + 53. What is c(-24)?
269
Let w(u) = -11*u**2 + 1373*u + 13475. Determine w(134).
-59
Let l(x) = -x**3 - 290*x**2 + 499*x - 2. Determine l(0).
-2
Let h(q) = 2*q**2 - 805*q - 395803. Give h(-287).
-30
Let x(j) = -1502*j**2 + 33399*j - 7804. Determine x(22).
6
Let z(j) = j**2 + 310548*j + 1242174. Give z(-4).
-2
Let z(j) = -578*j**2 - 13643*j + 5501. Calculate z(-24).
5
Let w(v) = -399*v + 13371. Give w(38).
-1791
Let x(g) = -5*g**2 - 60*g + 12. What is x(2)?
-128
Let o(w) = 4*w**3 + 105*w**2 - 59*w - 1885. Give o(-26).
325
Let p(j) = -290*j + 6878. What is p(24)?
-82
Let t(a) = -a**3 + 324*a**2 - 14125*a - 984. What is t(52)?
4
Let k(p) = -11*p**2 - 652*p - 6718. Give k(-46).
-2
Let a(w) = 14807*w - 14584899. Determine a(985).
-4
Let y(r) = -640649*r + 32032443. Give y(50).
-7
Let s(f) = f**3 + 8*f**2 - 18*f - 291. Give s(-10).
-311
Let h(d) = -4*d**2 + 3567*d + 248760. What is h(-65)?
5
Let f(k) = -436*k**2 + 3247*k - 1359. Give f(7).
6
Let r(l) = -3379*l - 141858. Determine r(-42).
60
Let i(q) = -q**3 + 107*q**2 + 424*q + 1558. What is i(111)?
-662
Let z(n) = n**3 + 109*n**2 - 421*n + 45348. Determine z(-116).
-8
Let d(f) = -56676*f - 453930. Calculate d(-8).
-522
Let z(k) = -k**3 - 419*k**2 - 32271*k - 15464. Determine z(-101).
-11
Let r(q) = q**3 + 88*q**2 + 7*q + 8537. Give r(-89).
-7
Let l(v) = 11485*v + 80427. Give l(-7).
32
Let q(z) = 26*z**3 - 185*z**2 + 44*z - 39. What is q(6)?
-819
Let h(m) = m**3 - 46*m**2 + 317*m - 227. Determine h(38).
267
Let w(a) = a**3 + 706*a**2 - 2453*a - 231118. Calculate w(-709).
16
Let t(v) = 6*v**3 + 304*v**2 - 368*v - 13555. Give t(-51).
11
Let s(z) = 8*z**3 - 40*z**2 + 377*z - 1869. Calculate s(5).
16
Let y(s) = 11*s**2 + 900*s + 18239. Determine y(-37).
-2
Let i(g) = -899*g - 29634. Calculate i(-33).
33
Let f(t) = t**2 - 679*t - 40353. What is f(-55)?
17
Let f(l) = -155076*l - 465226. Give f(-3).
2
Let r(j) = -j**3 - 17877*j**2 - 303612*j + 63. What is r(-17)?
-73
Let s(m) = -81*m - 1064. Calculate s(-16).
232
Let l(g) = 262422*g + 2886718. Determine l(-11).
76
Let s(q) = q**3 - 38*q**2 + 305*q - 11585. Determine s(38).
5
Let j(f) = -100*f + 12504. What is j(129)?
-396
Let a(o) = 4*o**3 + 125*o**2 + 484*o - 3512. Determine a(-25).
13
Let d(c) = 623*c**2 + 348*c - 23. Give d(-1).
252
Let b(o) = -o**3 + 97*o**2 - 417*o + 12687. Calculate b(94).
-3
Let g(y) = -7879*y - 205215. What is g(-26)?
-361
Let j(a) = a**3 - 141*a**2 - 843*a + 16442. Give j(146).
-56
Let y(g) = 4732*g + 8684. Determine y(-2).
-780
Let z(n) = 7*n**3 + 464*n**2 + 159*n + 1786. Give z(-66).
4
Let j(z) = -z**3 + 715*z**2 + 12416*z + 20574. Give j(732).
78
Let k(m) = m**2 + 68*m - 32323. Calculate k(-216).
-355
Let y(r) = 82057*r - 9682686. Give y(118).
40
Let x(f) = 5964*f - 23908. What is x(4)?
-52
Let t(k) = -142*k**3 - 444*k**2 - 520*k - 77. What is t(-1)?
141
Let l(u) = u**3 - 5*u**2 + 52289*u - 366132. Give l(7).
-11
Let n(j) = -j**2 + 1036*j + 8294. Calculate n(-8).
-58
Let p(h) = 3*h**2 + 571*h - 41074. What is p(-246)?
8
Let y(m) = 3*m**2 - 4240*m + 29533. What is y(7)?
0
Let d(m) = 2*m**2 - 112*m - 7785. Determine d(-40).
-105
Let d(k) = k**3 - 154*k**2 - 435*k + 19260. Determine d(156).
72
Let w(m) = 46*m**3 + 8693*m**2 - 8938*m - 1535. What is w(-190)?
-15
Let v(l) = -671609*l + 2014780. What is v(3)?
-47
Let a(w) = -5996*w + 239840. Determine a(40).
0
Let u(o) = -10*o**2 - 587*o + 1672. Determine u(-59).
1495
Let i(s) = -426*s - 31584. Calculate i(-75).
366
Let l(y) = y**3 - 1973*y**2 - 11879*y - 64. What is l(-6)?
-34
Let f(k) = -k**2 - 81162*k - 811523. Calculate f(-10).
-3
Let h(k) = 4*k**2 - 921*k + 6318. Give h(223).
-149
Let n(s) = -9*s**2 + 9228*s - 835267. Calculate n(925).
8
Let o(m) = -2*m**2 + 63*m + 743. Calculate o(43).
-246
Let d(s) = -3*s**2 - 61477*s - 368763. Give d(-6).
-9
Let h(z) = -3896*z - 1515557. Give h(-389).
-13
Let l(d) = -2*d**3 - 45*d**2 - 370*d + 13. Give l(-12).
1429
Let c(h) = -h**2 + 728*h - 36388. Calculate c(54).
8
Let z(r) = -264*r + 12382. Calculate z(48).
-290
Let s(r) = -9923*r - 70144. Determine s(-7).
-683
Let g(x) = -60*x - 524. Calculate g(-4).
-284
Let j(d) = -5*d**2 + 1556*d - 16826. What is j(300)?
-26
Let t(v) = -4*v**3 + 197*v**2 - 73*v + 1183. Determine t(49).
7
Let c(p) = -2235*p - 98355. Give c(-44).
-15
Let r(z) = -4*z**2 + 131*z - 29. Calculate r(20).
991
Let n(w) = 2*w**2 - 3*w - 150. Give n(11).
59
Let u(y) = -y**3 + 45*y**2 - 126*y + 1660. Determine u(43).
-60
Let k(i) = -i**3 + 222*i**2 - 6987*i - 965. What is k(184)?
-45
Let c(s) = 980*s + 222416. What is c(-227)?
-44
Let g(y) = 145198*y - 1161573. Give g(8).
11
Let b(m) = m**3 - 7*m**2 - 9*m + 36. Give b(10).
246
Let d(p) = 240*p**2 + 5272*p - 16. Give d(-22).
160
Let c(o) = 16*o**2 + 79*o - 266. Determine c(6).
784
Let v(u) = -134506*u - 1345054. Determine v(-10).
6
Let c(w) = w**3 - 76*w**2 - 318*w + 24. Calculate c(-4).
16
Let c(h) = -76*h**2 - 395*h + 394. What is c(1)?
-77
Let y(k) = 8*k**2 + 2313*k + 110143. Calculate y(-229).
-6
Let s(w) = -w**3 - 333*w**2 - 618*w + 14507. Determine s(-331).
-57
Let j(w) = -w**2 - 13265*w - 106074. Give j(-8).
-18
Let v(c) = -27*c**2 - 1620*c + 20947. What is v(11)?
-140
Let x(v) = -11944*v + 83580. Give x(7).
-28
Let l(w) = 317*w**3 - 10*w**2 + 5*w - 3. Determine l(1).
309
Let k(r) = 3*r**2 - 632*r + 2772. Give k(206).
-112
Let z(f) = 5*f**3 - 45*f**2 + 63*f - 3. Calculate z(7).
-52
Let x(t) = t**3 + 4*t**2 - 42